)). What is the units digit of 1194/(-15)*n/16?
8
Let n = -2948 + 6330. Suppose 0 = -o + 4*f + 1705, 3*o - 5*o + f + n = 0. What is the tens digit of o?
8
Suppose -k - 33*d = -30*d - 9464, 2*d = -3*k + 28350. What is the hundreds digit of k?
4
Let d = 9868 - -172. What is the thousands digit of d?
0
Let c be 188*((-1)/(-2) - 0). Suppose 78*o = -75 + 158 + 151. Suppose 4*f - c = -p + 14, 0 = -o*f + 3*p + 81. What is the units digit of f?
7
Let a(t) = t**3 + 4*t**2 - 3*t - 14. Let z be a(-3). Suppose 0 = j + 2*j - m - 2010, -z*j = -4*m - 2680. What is the units digit of j?
0
Let d = -238 - -241. Suppose -d*m - 7200 = -19*m. What is the hundreds digit of m?
4
Let s = 24650 + -22702. What is the units digit of s?
8
Let j(i) = -25*i + 30*i**2 + 22*i**2 - 8*i**2 - 20 + 29*i. What is the units digit of j(-4)?
8
Let c(w) = w**2 - 11*w + 84. Let y be c(21). Suppose 3*l - 1922 = 4*t, -l - 4*t + 336 = -y. What is the tens digit of l?
3
Let g(h) = h**2 + 6*h + 483. Let n be g(0). Suppose 9*x - 5250 - n = 0. What is the hundreds digit of x?
6
Suppose 4*y - 5*m = 15, -3*m - 9 = 3*y - 5*y. Suppose y = 15*l - 2*l - 416. What is the units digit of l?
2
Let h be (-18)/(-14) - ((-141)/21 - -7). Let q(y) = 553*y**2 - 2*y + 3. What is the tens digit of q(h)?
5
Suppose 110 - 1007 = 13*m. What is the tens digit of -8 - m*9/9?
6
Let m(n) = 2 - 967*n - 11 - 1. Let l be m(-2). Suppose -466 = 6*c - l. What is the tens digit of c?
4
What is the thousands digit of -2151*(70/(-42) + 0)?
3
Let t(a) = -47*a - 54. Suppose -f + 4*y + 2 = 8, 3*f + 3*y = -78. What is the units digit of t(f)?
0
Suppose -17723 = -7*i - 5718. What is the hundreds digit of i?
7
Suppose -4*b + 70 = -2*b + 4*v, -4*b - 5*v = -137. Suppose -4*w + x + b = 2*x, -19 = -3*w + 5*x. Suppose 45 - 181 = -w*f. What is the units digit of f?
7
Let o = 208 - 510. Let h = o - -347. What is the tens digit of h?
4
Let c = -42 - -42. Suppose -2*y + 6*y + 788 = c. Let o = -95 - y. What is the units digit of o?
2
Let c(x) = 2*x**3 - 5*x**2 + 2*x. Let u be c(3). Let s(v) = 3*v**3 - 43*v**2 + v + 9. What is the hundreds digit of s(u)?
4
Let u be -1*1 - (9/(-3) - -21). Let g = 19 + u. Suppose g = 5*t - 2*w - 625, -5*t + 375 = -2*t - 3*w. What is the units digit of t?
5
What is the units digit of 1907*(248/(-186))/((-4)/51)?
9
Let n = -40 + 42. Suppose 0 = -12*v + 14*v - 240. Suppose -2*q + v = n*q. What is the tens digit of q?
3
Suppose 5*o = c + 117646, 5*o + 3*c = 65211 + 52451. What is the ten thousands digit of o?
2
Let k(r) = -2*r**2 - 18*r - 13. Let l be k(-8). Suppose l*x + 8480 = 4*d - x, x = 4*d - 8495. What is the hundreds digit of d?
1
Let b(i) = 3*i**2 - 17*i + 24. Let a = -30 - -41. Let v be b(a). Suppose -11*o = -7*o - v. What is the units digit of o?
0
Let w(d) = -d**3 - 38*d**2 + 89*d + 188. What is the tens digit of w(-43)?
0
Let u = 495 - 267. Suppose -u - 417 = -5*b. Suppose -4*t = 3*g - 104, 2*t = -4*g + 23 + b. What is the tens digit of g?
4
Let x = 5672 + -3341. What is the units digit of x?
1
Let q(o) = 7*o - 217. Let n be q(36). What is the units digit of (-8408)/(-7) + (-5)/n?
1
Suppose -5*z - 3*g - 28 = 6, -2*z - 5*g = 25. What is the units digit of -1065*(z/15)/((-1)/(-2))?
0
What is the units digit of 6231 + -15*(-9)/(-27)?
6
Let s = -271 - -276. What is the units digit of (-11*36 - 2)/(s - 6)?
8
Let b = 457 - 452. Suppose 0 = b*w + 812 - 2217. What is the units digit of w?
1
Let v(w) = w**3 + 16*w**2 + 14*w + 1. Let s be v(-15). Suppose -o + 9*o = -s. What is the tens digit of (-3)/((-4)/(-48)*o)?
1
What is the ten thousands digit of (12 + -8)/(-7 - -6) + 19289?
1
Let a = 46 + -32. Let p be a/(-6) + (-3)/(-9). What is the units digit of (0 + 3)/1 + (-206)/p?
6
Suppose -o + 0*o - 726 = 3*v, -2*o = v + 1437. Let u = -339 - o. What is the tens digit of u?
7
Suppose -16*y = -9*y - 4228. Suppose 4 - 14 = -5*h, 2*s - 3*h = y. What is the hundreds digit of s?
3
Let a be (-3963)/(-12)*17 + 1/(-4). Let z be 2/9 + a/(-27)*-3. What is the units digit of z/182*70/4?
0
Suppose 5*k = -0*k + 5475. Let s = 1613 - k. Suppose -8*p - 22 + s = 0. What is the units digit of p?
2
Let x(t) = -t**3 + 12*t**2 + 7*t - 17. Let c be (0 + 2 + -7)*-2. Let m be x(c). Suppose -m - 26 = -9*j. What is the units digit of j?
1
Suppose -3*t = 2*y - 45594, 83*y - 60769 = -4*t + 88*y. What is the ten thousands digit of t?
1
Let y = 237 + -233. Suppose -i - 864 = -y*i. What is the tens digit of i?
8
Let m(u) = u**2 - 17*u + 960. What is the thousands digit of m(-33)?
2
Suppose n = 5*p - 313409, -18*p + 24*p - 376094 = 2*n. What is the thousands digit of p?
2
Let k = 55 - 53. Suppose 0 = -k*w - 3*t - 71, -4*t = 2*w + 40 + 32. Let u = 124 + w. What is the units digit of u?
0
Let c(j) = 43*j + 4273. What is the hundreds digit of c(10)?
7
Let v be (-4132 - 6)/(-2) + (-4)/(-4). Suppose -2*f = -2*z + v, -2*f + 774 + 276 = z. What is the units digit of z?
0
Let u = 493 - 1009. Let p = u + 1015. What is the units digit of p?
9
Suppose -124828 = -38*q + 60004. What is the thousands digit of q?
4
Let n = 9 - 5. Suppose a - 5*f = 417, n = -f - 0. What is the tens digit of a?
9
Suppose -2*m = 3*d + 9, -4*d = 5*m + 17 - 5. What is the tens digit of (-4)/48*-4 + (-1838)/d?
1
Suppose -178*u - 123*u + 7239222 = 86*u. What is the hundreds digit of u?
7
Let m be (35/25 + (-4)/10)*1. Suppose 3 = 2*a - m. Suppose s + 187 = 4*y - 2*s, -2*y = -a*s - 94. What is the units digit of y?
6
Let f(a) = a**3 - 13*a**2 + 3*a - 36. Let b be f(13). Suppose -10 = -h - b*t, 3*h + 3*t - 9 = t. What is the hundreds digit of (3/h)/1 + 1215/9?
1
Let g(u) = -2*u**2 + 41*u + 64. Let o be g(22). What is the hundreds digit of ((-60)/120)/(o/5724)?
4
Let k = -130070 - -189518. What is the ten thousands digit of k?
5
Let p be -175 - (4 + -1) - -2. Let q be 1/(-5) + p/(-55). Suppose q*w = u + 5 - 1, -3*u + 14 = 4*w. What is the units digit of w?
2
Let b(h) be the second derivative of h**5/10 + h**4/12 - 2*h**3/3 + 4*h**2 + 2*h - 15. Let y = 16 + -12. What is the units digit of b(y)?
6
Let b(u) = 18*u + 21 + 547*u**3 - 274*u**3 - 272*u**3 - 16*u**2 + 3. What is the tens digit of b(17)?
1
Let t be 6/(-1)*44/(-33). Suppose -t*c = 1325 - 6861. What is the units digit of c?
2
Let b = 153 + -68. Let y = 224 + -221. Suppose y*d - 403 = -b. What is the tens digit of d?
0
What is the tens digit of ((-5)/(45/475227))/(2 + (0 - 3))?
0
Suppose 14*a = 6*a + 80. Suppose 0 = -4*w + 38 + a. Suppose w*q - 604 - 104 = 0. What is the units digit of q?
9
Let c = 10 - 9. What is the tens digit of 1/(c/(-4)) + -1 + 282?
7
Let t = 9247 - 4843. What is the hundreds digit of t?
4
Suppose 2*k - 26 = -2*u, 6*u - 2*u = -5*k + 48. Suppose -4*x + 1050 = u*x. What is the tens digit of x?
5
Let n(j) = 1365*j + 3140. What is the tens digit of n(20)?
4
Let d = -9582 - -18521. What is the tens digit of d?
3
Suppose 30*f - 115973 = 19*f. What is the tens digit of f?
4
Suppose 0 = -3*y + 22*y - 67431. Suppose -17*w + 4*w = -y. What is the tens digit of w?
7
Suppose d = 7*t - 2*t + 13101, 0 = -3*d - 5*t + 39243. Suppose -35*w + d = -55269. What is the units digit of w?
3
Let t(o) = -13*o**3 - 7*o**2 - 9*o - 38. What is the tens digit of t(-8)?
4
Let w be 0/(-4 + 20/4). Suppose -s = -w - 5. What is the hundreds digit of 588/s + 3 + (-65)/25?
1
Let y(c) = -30*c + 3. Let n be y(4). Let v = n + 233. What is the units digit of v?
6
Suppose -2*y = 2*f - 3142, -5*y = 4*f + 2642 - 10501. Let o = y + -760. What is the units digit of o?
5
Let v(o) = 71*o + 299. Let w = 14 + 2. What is the hundreds digit of v(w)?
4
Let j(v) = 967*v + 13. Let a be j(3). Suppose -15*t + a = -9551. What is the tens digit of t?
3
Suppose 0 = 15*j + 3*j - 1872. Let r = 115 - j. What is the tens digit of r?
1
Let x be -1 - (2 + 1) - (-2723 - 2). Suppose c + x = -4*d + 949, -4*d = -c + 1772. Let m = -292 - d. What is the tens digit of m?
5
Let q(d) = -2*d**3 + 12*d + 65. Suppose -k - 4*k = -2*p - 8, -4*p - 5*k - 16 = 0. What is the units digit of q(p)?
5
Let i = 189 + -168. What is the hundreds digit of 10/(-35) - (-8616)/i?
4
Let s be -3 + 0 + 2 - (-3)/(-1). Let k be (-419)/s - 19/(-76). Suppose 0*i + k = 5*p - 3*i, -2*p = 4*i - 68. What is the units digit of p?
4
Let k = 107 + -116. Let i be (775/36 + (-2)/k)*-4. Let f = i + 200. What is the un